te number?
True
Is 336161069 prime?
False
Is 39648478799 composite?
True
Is 369757517 a composite number?
False
Is 6282097333 a prime number?
False
Is 638044549 composite?
True
Is 1361726453 a composite number?
False
Is 160912709 prime?
True
Is 22274837149 a composite number?
True
Is 11718700099 prime?
False
Is 195727733 composite?
False
Is 514884757 a prime number?
True
Is 16197429139 a prime number?
False
Is 433458449 composite?
False
Is 4753258093 composite?
False
Is 9925986229 a prime number?
True
Is 404478427 a composite number?
False
Is 2745023357 a prime number?
True
Is 175864261 composite?
True
Is 52114973 composite?
False
Is 86969789 a composite number?
False
Is 575231617 prime?
False
Is 34126489669 a prime number?
True
Is 73433376813 composite?
True
Is 2178245681 a prime number?
True
Is 455921723 composite?
True
Is 248260141 a composite number?
True
Is 144635666963 a prime number?
True
Is 390770059 composite?
True
Is 3640870717 prime?
False
Is 949227127 prime?
False
Is 1690946489 prime?
True
Is 3134237213 composite?
False
Is 8045485079 a composite number?
True
Is 2243245423 a composite number?
True
Is 190716685319 a composite number?
False
Is 21535205477 composite?
True
Is 8209701517 a prime number?
False
Is 64081697107 composite?
False
Is 1167404051 a composite number?
True
Is 4857491327 composite?
True
Is 3407460403 a composite number?
False
Is 230377429 composite?
True
Is 24326057677 composite?
False
Is 2385365071 prime?
False
Is 21717417763 prime?
True
Is 14798883733 a composite number?
False
Is 115777729021 composite?
True
Is 2475440977 a composite number?
False
Is 25264766753 a prime number?
True
Is 19048071169 composite?
False
Is 30441043357 a composite number?
False
Is 899106707 a composite number?
False
Is 877090337 a composite number?
False
Is 6386722 prime?
False
Is 357875435 composite?
True
Is 22806596053 a prime number?
True
Is 77197219769 a composite number?
False
Is 119052757 a composite number?
True
Is 863782193 a composite number?
False
Is 7703117561 a composite number?
False
Is 72270945541 prime?
True
Is 2433177977 a prime number?
True
Is 6647164157 a prime number?
True
Is 41615623 composite?
True
Is 320218277 a prime number?
False
Is 300403314427 composite?
False
Is 7425972217 composite?
True
Is 541828237 prime?
False
Is 165780773 a prime number?
False
Is 3574096607 a prime number?
False
Is 151510417 a prime number?
False
Is 499154267 prime?
True
Is 998405731 prime?
True
Is 6029079169 prime?
True
Is 5054601881 composite?
True
Is 5717801141 a composite number?
True
Is 708090359 a composite number?
False
Is 36453292067 a composite number?
False
Is 2053390231 a composite number?
False
Is 599034199 a prime number?
False
Is 20799828701 prime?
False
Is 544177313 prime?
False
Is 14020979501 composite?
True
Is 2906023013 a prime number?
True
Is 71519288267 a composite number?
True
Is 4557581062 a prime number?
False
Is 25154840219 a composite number?
True
Is 1628884981 composite?
False
Is 15897350279 a prime number?
True
Is 36898896149 prime?
True
Is 218231820221 composite?
False
Is 31268581853 a composite number?
True
Is 5342727001 composite?
False
Is 3721872563 composite?
False
Is 33224064737 a composite number?
False
Is 1550550367 composite?
True
Is 155943983 a composite number?
True
Is 764363791 a prime number?
True
Is 593906947 a prime number?
True
Is 2759932577 composite?
False
Is 70545708199 a prime number?
True
Is 7060064735 a composite number?
True
Is 5875183277 prime?
True
Is 43648631461 a prime number?
False
Is 7026097957 a composite number?
True
Is 6347934013 a prime number?
False
Is 64820387 a prime number?
True
Is 2600782427 prime?
False
Is 89298376333 prime?
False
Is 36234498869 prime?
False
Is 1002627199 prime?
False
Is 7700692777 a prime number?
True
Is 22775684479 a composite number?
False
Is 1185177107 composite?
False
Is 1333248983 a composite number?
True
Is 77345346343 a prime number?
False
Is 1856810327 a prime number?
False
Is 954518899 prime?
True
Is 5579307341 a prime number?
False
Is 9623938091 prime?
False
Is 3718905191 a prime number?
True
Is 2000990539 a composite number?
False
Is 1055252933 a prime number?
False
Is 32541173 composite?
True
Is 59078813653 composite?
False
Is 6065375641 prime?
False
Is 22550649469 prime?
True
Is 1896838553 a composite number?
False
Is 9687873935 composite?
True
Is 57110847779 prime?
True
Is 273208601 a prime number?
False
Is 12030284597 prime?
True
Is 13919543657 composite?
False
Is 153907123 composite?
True
Is 9072191251 prime?
False
Is 47593937 prime?
False
Is 2466958933 prime?
True
Is 8778110221 composite?
False
Is 3556411163 a composite number?
True
Is 776188987 a composite number?
True
Is 381941683 a composite number?
True
Is 545859427 composite?
True
Is 16892901503 composite?
False
Is 728603699 a composite number?
True
Is 8656255273 composite?
False
Is 4446522321 prime?
False
Is 4586637889 prime?
True
Is 1277312909 prime?
True
Is 4503011621 a prime number?
True
Is 7462934263 prime?
False
Is 3288399893 prime?
False
Is 162531649699 a prime number?
False
Is 1806150881 a composite number?
False
Is 458123693 a prime number?
True
Is 77399467793 a composite number?
True
Is 14823484843 prime?
False
Is 18217469427 composite?
True
Is 4975533931 a composite number?
False
Is 2226798289 composite?
True
Is 829023953 a prime number?
True
Is 623889923 composite?
False
Is 46906072861 composite?
True
Is 298150331 prime?
False
Is 3440467721 a prime number?
False
Is 494639339 a composite number?
False
Is 688044373 prime?
False
Is 2368833769 prime?
True
Is 105606468529 composite?
True
Is 29458052093 a composite number?
True
Is 2005515881 composite?
False
Is 21286832753 a composite number?
False
Is 2653377197 composite?
True
Is 6798738794 a prime number?
False
Is 110241253133 composite?
True
Is 1720341995 a composite number?
True
Is 2829438407 prime?
True
Is 5840165497 a prime number?
False
Is 3502544957 a composite number?
False
Is 2808305471 a prime number?
True
Is 1143567827 prime?
True
Is 265371591 a prime number?
False
Is 3485994487 a prime number?
True
Is 4129566241 prime?
False
Is 5564878157 prime?
False
Is 16472649931 a prime number?
False
Is 83164817 composite?
True
Is 4119594143 prime?
False
Is 111493356881 a prime number?
True
Is 2483136529 a prime number?
False
Is 1121336891 prime?
True
Is 42447163413 prime?
False
Is 15408024859 a prime number?
False
Is 90840425561 a prime number?
True
Is 317770493 composite?
False
Is 73136561 a composite number?
True
Is 412972499 a composite number?
True
Is 27885209941 composite?
False
Is 15680069837 a composite number?
True
Is 16713460537 a prime number?
True
Is 76424713153 prime?
True
Is 12796164323 prime?
False
Is 203580133 a prime number?
False
Is 3469867333 prime?
True
Is 46463492717 composite?
False
Is 31751255759 composite?
True
Is 4683875291 prime?
True
Is 53207567893 composite?
True
Is 27273380599 a composite number?
True
Is 18504471803 prime?
True
Is 13459227655 prime?
False
Is 672461747 prime?
True
Is 683505037 a composite number?
False
Is 1652029583 a composite number?
False
Is 93287863 prime?
True
Is 26799263333 composite?
True
Is 372201733 a composite number?
False
Is 49198180699 composite?
True
Is 20043847 a prime number?
True
Is 6991870597 composite?
False
Is 8567949541 prime?
True
Is 8396563681 composite?
True
Is 490892693 a prime number?
False
Is 204149287 composite?
False
Is 112983392282 prime?
False
Is 83486549 a prime number?
True
Is 12823663841 prime?
True
Is 51071253043 a prime number?
True
Is 858090463 composite?
True
Is 11801634017 composite?
False
Is 15492897961 a composite number?
True
Is 116741340599 prime?
False
Is 86737499 a prime number?
True
Is 171027319 composite?
False
Is 7031842303 prime?
True
Is 10424395437 a prime number?
False
Is 28972354 composite?
True
Is 65917507015 a prime number?
False
Is 3635145809 composite?
True
Is 118068893297 prime?
False
Is 8898427591 composite?
True
Is 219119823973 a prime number?
True
Is 1553967599 a composite number?
False
Is 29796386 a composite number?
True
Is 4504315723 composite?
True
Is 3379995673 prime?
False
Is 139022755463 prime?
True
Is 20523053 a composite number?
False
Is 25982316277 a composite number?
False
Is 5790751441 prime?
True
Is 567221723